.
-22
Calculate 573 - 576 - (-4 - -7 - -2) - (-9 - 3).
4
33 + (25 - (33 - -19))
6
What is 11 + -22 + -8 + -38?
-57
Calculate 13 + (15 - 29) - (8 - (-8 + 1 + 59)).
43
What is the value of (143 + -126 - (18 + -2)) + (-45 - -22)?
-22
Calculate -117 - (-12 + -1 + -304 + 338 + -15 + 2).
-125
Calculate (-125 - (-68 - -24)) + 53.
-28
(-13 - -12) + 52 + 10 + -20
41
4 + (-10 - -6) - (9 + (-8 - 4) + 12)
-9
(188 - 187) + 32 + -1 + 25
57
Calculate -43 + -16 + (0 - 14 - -21 - 15).
-67
Calculate 3387 + -3512 - (-79 + -1).
-45
What is 3 - (128 - 1 - (30 + 36 - 68))?
-126
Calculate 34 - (-16 - -68) - (24 + -1).
-41
Evaluate -16 - 0 - (32 + -102 - -27).
27
What is the value of (-42 - -42) + (0 - (6 - 0)) + 11?
5
(-4 - (-5 + 8 + 44)) + -1 + 6 + 2
-44
Evaluate 42 + (-29 - (-46 - -39)) + -108.
-88
What is (277 - (-83 + 205)) + -54?
101
5 + (68 + -51 - 34)
-12
Evaluate 23 + (54 - (-10 + 96)).
-9
19 + -1 - (19 - (-124 + 159))
34
What is the value of (-711 - -743) + 0 + 1 + -6?
27
What is -14 + 0 - (-470 + 478)?
-22
Calculate -13 + 22 + (16 - (7 - (118 + -8))).
128
What is -19 + -15 + (28 + -15 - -7)?
-14
20 - (-36 - (-21 + 3 - 3))
35
0 + (-3 - -3) + (46 - 0) - (-1802 - -1793)
55
Evaluate -126 + (-52 + 137 - 93).
-134
What is 2 + -69 - (-2812 - -2676)?
69
Calculate (-13 - (9 + 2 + -26) - -10) + 73.
85
What is -6109 - -6012 - (2 - 196)?
97
-381 + 363 - (-6 + 2) - -16
2
-11 + 61 + -10 + -24 + 25
41
21 - ((13 - 29) + 14) - 6
17
-32 + (-47 - -8) + 34 + 8
-29
What is 2 + -100 + 11 - (20 - (12 + -3))?
-98
What is 2 - (15 + 1) - (-10 + 29)?
-33
What is ((17 - 89 - 0) + 4 - (2 - 4)) + -8?
-74
Calculate 1 - 43 - ((-112 - -78) + (48 - 7)).
-49
Evaluate (-119 - -8) + 8 + 28 + (-17 - -9).
-83
What is 69 - 75 - (-3 + 2) - (2 + 56 - 2)?
-61
What is -64 - ((36 - 9 - (19 + -5)) + 9)?
-86
What is the value of (-197 - -154) + 43 + -1 + -80?
-81
What is the value of -10 + 23 + (10 + -9 - 0) + -3 + -69?
-58
Evaluate 64 - (33 + -41 + (5 - 10) - (-12 + 7)).
72
Evaluate 13 + (9 - 64) - 19.
-61
What is the value of -6 - (-51 - -13) - (-454 - -461)?
25
Calculate 5 + -52 + -83 - -51.
-79
What is the value of 26 + -14 + 9 + -9 - -1?
13
What is 25 - (1383 + -1396 + 0 + 43)?
-5
What is the value of (-38 + -1 - -100) + -17?
44
1 + (-4 - -4) + 20 + (0 - 14) + -16
-9
Calculate (-106 - (-41 + -68)) + 3.
6
Calculate (-19 - -43 - -39) + -25 - 45.
-7
What is the value of (3 - -109) + (1162 - 1311)?
-37
What is the value of -1368 + 1436 + (-3 - 0 - -23 - 3)?
85
Calculate 39 - (39 + 12 + -60).
48
15 - ((7 - -76 - -10) + (1 + -5 - 2))
-72
What is the value of 37 - (106 - (-146 + 174))?
-41
What is the value of -2 + -5 - (-1 + (-10 - -15)) - (-22 - 0)?
11
Evaluate 34 + (20 - (-7 + 32)) + -5.
24
What is 18 + (-16 + 26 - -8 - 6)?
30
186 + (-3 - 36) + -182
-35
What is the value of 13 - (-47 - -22 - -56)?
-18
Calculate -1 + -3 + (-6 - (9 - 12) - 18).
-25
-92 + (191 - 142) - -39
-4
What is the value of 1 - -69 - (1693 - 1636)?
13
What is 0 - -8 - (67 - 73 - 12 - (-2 - -13))?
37
What is the value of (3 + -16 - -5) + (138 - 143)?
-13
Evaluate (-42 - (8 + -49)) + 6 + 65 + 3.
73
Calculate 0 + -28 + (1 - (24 - -11 - 16)) + 21.
-25
Calculate (17 - (-4 - -30)) + -67 + 0 + 7 + -14.
-83
What is the value of -39 - (-2 + 31 + (722 - 768))?
-22
What is -6 + -121 + (-114 - -109 - (6 - -2 - 0))?
-140
4 + -32 - (-3 - 64)
39
(30 - (-6 + 21) - 26) + (-1 - 2)
-14
What is the value of 23 + (35 - 52) + 5 - (2 + (-34 - 2))?
45
18 + 14 + -51 - (2 + 7 + 1)
-29
Evaluate 0 + (14 - (22 + -8 + 10)) + 99 + 7.
96
Calculate 8 + (9 - 1 - ((-5 - -80) + -75)).
16
Calculate (-19 + -4 - -21) + 10.
8
What is -11 - (-6 + -8 + -20 + 20)?
3
-8 + (-83 + 40 - 73 - (0 + -3 + 15))
-136
What is -5 + -22 + -15 + 76?
34
What is the value of 8 + (-55 - 0) + (23 - 7)?
-31
-59 + 6 - (-43 - -1 - -36)
-47
Evaluate (-67 - (10 - (13 + 13))) + -8.
-59
-50 + 27 + -3 + 60
34
What is the value of (-15 - (6 - 4)) + 0 - (-1 - -2) - -2?
-16
-1 - 49 - ((4 + -7 - (202 + -195)) + 11)
-51
Evaluate -80 - (-10 + 3 + (-32 - -11) + 19).
-71
Calculate (-89 - -150) + -19 + 1 + 3 + 1.
47
Calculate (1 - 45) + (-718 + 751 - ((17 - -5) + 2)).
-35
Calculate -27 - (-1 + -20) - (7 + -7 + -6 - 4).
4
What is the value of 3 + (36 - (-17 + 2 + 64) - (-71 + 1))?
60
What is the value of (-4 + 0 - (-15 + (-62 - 0))) + (-10 - -9)?
72
Calculate -18 - ((-25 - (-56 + 28)) + 55).
-76
What is (8 - (-2 - (0 + 1))) + (89 - (50 + -10))?
60
(-7 - (21 + (-18 - -6))) + -19
-35
What is the value of -59 - ((31 - 31) + -7 + 35)?
-87
What is 2 + -5 + -55 + 115 + -42?
15
Evaluate (-61 - -20 - 74) + 52.
-63
Evaluate 10 + -38 - (-3 + -25).
0
What is 44 + -50 + 76 + (-26 - -4)?
48
What is -117 + (-30 + 301 - 92)?
62
26 - 158 - -44 - -36
-52
Calculate (24 - 15) + -2 + -127 + (-1 - 15 - -30).
-106
Evaluate 2684 - 2566 - (-1 + -5 + 2).
122
(-76 - -72) + 21 + -38 + 1
-20
Calculate -2 - -1 - 46 - (206 - 694 - -470).
-29
-25 + 5 + 89 + -20 + 23 + 7
79
Calculate 34 + -16 + -18 + 9 + 48.
57
-16 + -26 + (-9 - -16 - 35)
-70
Evaluate 11 + 2 - (-136 - -247) - (-19 - 3).
-76
Evaluate (-30 - (-10 - -33)) + 40.
-13
Evaluate 3 + (-51 - -2) - (-9492 + 9592).
-146
-56 + 43 + (121 - 46)
62
Calculate -12 + 151 + -5 + -29 + -8.
97
What is (256 - 144 - 121) + (82 - 0)?
73
Calculate -19 - ((53 - 110) + 70).
-32
Calculate 30 + 20 + -7 - -58.
101
Evaluate -27 + 46 + -30 + -31.
-42
What is the value of 12 + -27 + 7 + 15 + 15?
22
Calculate -76 + 3 + -8 - 17.
-98
Evaluate (11 + -4 - 13) + -1 - (3 + 2 + -10).
-2
Evaluate 13 - ((11 - (6 + 7)) + (-4 + 78 - -3)).
-62
What is the value of (-808 - -853) + (0 - 4 - (-14 + 4))?
51
Calculate (89 - 229) + 66 - -121.
47
-43 - ((-12 - (-3 - 0) - 0) + (10 - 4))
-40
Calculate (46 - 4 - 24 - 12) + -45.
-39
What is the value of -69 + 36 + 27 - (-2 + 3 + -12)?
5
What is the value of (18 + -22 + -12 - -20) + -8?
-4
What is -9 - 0 - (3979 + -3940)?
-48
Evaluate -812 + 810 - (-3 - 57 - -2).
56
Evaluate (-25 - (-65 + 23 - -35)) + 6.
-12
Calculate -10 + (-1 - -31 - 0 - (-20 + 12 + 24)).
4
What is the value of (-249 - -279) + (23 - 11 - 10) + 1 + 2?
35
50 + (75 - 126) + (1 - 44)
-44
What is -26 - (1 + -22 + 671 + -655)?
-21
Evaluate (-8 - (-5 - -5)) + -98 + 90.
-16
Evaluate 0 + 0 + (-1 - (1 + 9)) - (948176 + -948216).
29
-7 - (-2 + -3 + -4 - (12 - (-1 + 12)))
3
What is the value of (177 + -58 - 99) + -1 + (3 - 130)?
-108
Evaluate -231 - (124 + (-192 - 75)).
-88
What is -37 - (-15 - ((4 - (11 + -4)) + -8))?
-33
What is 107 + 1 - (10777 + -10595)?
-74
What is (33 - (2 + (-6 - -1))) + (-21 + -2 - -30)?
43
What is the value of (-9 - (42 + -16)) + 6 - (2 + -6)?
-25
What is 1277 + -1286 - ((-1 - -6) + 2 + 72)?
-88
Evaluate -9 + 1 + (-32 - (0 + -56 + 26)).
-10
What is the value of (0 + -9 - (-24 - -11) - 43) + 9?
-30
Calculate 848 + -751 + (-183 - -7).
-79
What is -28 + -20 + 40 + 40 - 16?
16
Calculate 12 + (64 - 71) - (-24 + (2 - -3) - -1).
23
Evaluate (6 - (4 + (-3 - -1))) + 4 + 204 + -173.
39
Evaluate (-11 + 0 - (-10 - -7) - -14) + 104 + -11.
99
Calculate 48 - (71 + (80 - 40)).
-63
Evaluate (-3971 - -4020) + (-1 - 29).
19
Calculate 156 - 83 - (43 + 11).
19
What is -2 + -112 + (-1268 - -1488)?
106
Evaluate -32 + (27 - (-16 - -12)) + -33.
-34
Evaluate -7 + (92 - (-24 + 17)) - 10.
82
Calculate 2 + (6 - 17 - -3) + (-9 - -46) + 5.
36
Evaluate (-10 + 1 - (-245 - -258)) + 12 + -1 - 14.
-25
What is (38 - 0) + (-48 - (-110 + 57))?
43
What is the value of -8 - -27 - 19 - -8 - 7?
1
Evaluate -95 - (-85 + 99 - 135).
26
What is the value of -2 - 27 - (-31 - -6) - 28?
-32
Evaluate -35 - (-4 + -4) - (-7 + 27 + -9).
-38
What is the value of 14 + -28 + 12 + 7 - (6 + -6)?
5
Calculate (-87 - -90 - (18 + -1) - -2) + (-14 - -1).
-25
Calculate 247 - (96 + 125 + -82).
108
7 + -16 + 0 - (-31 + 19)
3
Calculate (-3118 - -3146) + (2 - 68).
-38
Calculate (8 - (-64 + 7)) + (15 - 4 - 9 - 1).
66
Evaluate -1 + -31 + 512 + -521.
-41
Calculate 2 + 15 - (68 - 64 - -143).
-130
What is the value of 42 - (7 + 5 - (-5 + 26 + -9))?
42
-44 - -34 - 8 - -1
-17
Calculate -5 + 2 + (1 - -6) - (-43 - (29 + -161)).
-85
What is (-30 - (23 + -43)) + 50?
40
Calculate (-2 - 1 - 4) + 108 + -96 - 11 - -64.
58
Evaluate 4 - (0 - 0) - (-9 - (-21 + 42 + -32)).
2
What is (96 - 183) + 87 + -3 + 1 - (-64 - -1)?
61
36 + (-131 - -234) - 225
-86
What is 27 + 0 + (2506 - 2470